lse
Is 99826 a multiple of 10?
False
Does 213 divide 286272?
True
Is 5127880 a multiple of 9?
False
Is 17132 a multiple of 4?
True
Is 271 a factor of 528241?
False
Is 192 a factor of 3960576?
True
Does 65 divide 106090?
False
Does 135 divide 6066111?
False
Is 87 a factor of 747383?
False
Does 1616 divide 8069992?
False
Is 453 a factor of 779613?
True
Is 40 a factor of 190240?
True
Is 152664 a multiple of 29?
False
Does 15 divide 373176?
False
Is 5 a factor of 63210?
True
Does 15 divide 8077740?
True
Is 14 a factor of 4196530?
False
Is 15 a factor of 1585526?
False
Is 52 a factor of 1532487?
False
Is 271 a factor of 17073?
True
Is 336 a factor of 325584?
True
Is 22 a factor of 67672?
True
Does 33 divide 152196?
True
Does 83 divide 8595769?
False
Does 60 divide 74880?
True
Is 13516784 a multiple of 464?
True
Is 85751 a multiple of 56?
False
Is 348431 a multiple of 25?
False
Is 810 a factor of 3124980?
True
Is 22 a factor of 1233650?
True
Is 992456 a multiple of 131?
True
Is 1302 a factor of 934836?
True
Is 635510 a multiple of 206?
True
Is 4600575 a multiple of 8?
False
Is 257 a factor of 2986677?
False
Does 750 divide 1853452?
False
Does 915 divide 2282010?
True
Is 2381 a factor of 19362292?
True
Is 4555087 a multiple of 17?
False
Is 12 a factor of 375300?
True
Is 40 a factor of 152160?
True
Is 102 a factor of 658859?
False
Does 45 divide 11216948?
False
Is 154 a factor of 175868?
True
Does 236 divide 21922106?
False
Is 1581676 a multiple of 148?
True
Is 20 a factor of 1182960?
True
Is 95526 a multiple of 18?
True
Is 16 a factor of 5386736?
True
Is 112729 a multiple of 19?
False
Is 2481437 a multiple of 749?
True
Is 1415420 a multiple of 340?
True
Is 229347 a multiple of 13?
False
Is 1357118 a multiple of 434?
True
Does 389 divide 8062803?
True
Is 11065752 a multiple of 38?
True
Is 141094 a multiple of 10?
False
Does 609 divide 3798942?
True
Is 3289560 a multiple of 206?
False
Is 64 a factor of 227200?
True
Is 1004 a factor of 5318188?
True
Is 107 a factor of 1148752?
True
Is 121 a factor of 340355?
False
Is 917261 a multiple of 245?
False
Does 926 divide 26691950?
True
Does 21 divide 96883?
False
Is 42 a factor of 4022828?
False
Is 1961945 a multiple of 245?
False
Is 61 a factor of 990227?
False
Does 30 divide 218790?
True
Does 12 divide 316488?
True
Does 16 divide 294656?
True
Is 3023286 a multiple of 21?
True
Is 258 a factor of 3873612?
True
Is 34 a factor of 949222?
False
Is 497511 a multiple of 9?
True
Is 30059 a multiple of 46?
False
Is 32 a factor of 1457568?
True
Does 76 divide 31008?
True
Does 230 divide 153876?
False
Is 5115096 a multiple of 398?
True
Is 26 a factor of 43460?
False
Does 324 divide 2466046?
False
Is 35084 a multiple of 49?
True
Does 796 divide 11919304?
True
Is 133 a factor of 1235437?
True
Is 1539744 a multiple of 129?
True
Is 27 a factor of 535410?
True
Does 27 divide 67482?
False
Is 379050 a multiple of 57?
True
Is 344 a factor of 2061866?
False
Does 53 divide 471859?
True
Is 5 a factor of 12103411?
False
Is 369309 a multiple of 397?
False
Is 197728 a multiple of 178?
False
Is 31 a factor of 3485485?
True
Is 2634653 a multiple of 301?
True
Is 11890800 a multiple of 64?
False
Is 25 a factor of 10907915?
False
Is 12527058 a multiple of 41?
True
Is 208 a factor of 1390725?
False
Is 938 a factor of 1044517?
False
Is 440 a factor of 52360?
True
Does 1604 divide 9989712?
True
Does 8 divide 525008?
True
Is 172 a factor of 516?
True
Is 190 a factor of 839990?
True
Does 116 divide 348696?
True
Is 4150622 a multiple of 322?
False
Is 80 a factor of 2218300?
False
Is 193987 a multiple of 20?
False
Is 751640 a multiple of 344?
True
Is 157356 a multiple of 55?
False
Does 60 divide 10372?
False
Is 163 a factor of 512309?
True
Is 195875 a multiple of 154?
False
Is 1913041 a multiple of 5?
False
Is 136 a factor of 15947224?
True
Is 102 a factor of 1945312?
False
Is 2038476 a multiple of 22?
True
Is 441315 a multiple of 84?
False
Is 20 a factor of 21380?
True
Is 774830 a multiple of 97?
False
Is 4 a factor of 2362416?
True
Is 162 a factor of 2752048?
False
Is 7 a factor of 143052?
True
Does 3 divide 2805225?
True
Is 18 a factor of 4007718?
True
Is 5 a factor of 1004107?
False
Is 175604 a multiple of 44?
True
Is 3127842 a multiple of 54?
True
Does 103 divide 410137?
False
Does 1772 divide 10049012?
True
Is 51 a factor of 2538571?
False
Is 22 a factor of 6041?
False
Is 8 a factor of 703215?
False
Does 14 divide 3376516?
False
Does 4 divide 281569?
False
Does 172 divide 1020648?
True
Is 855 a factor of 2169762?
False
Does 79 divide 1563467?
False
Is 14 a factor of 778247?
False
Is 137536 a multiple of 114?
False
Is 74 a factor of 128345?
False
Does 5 divide 1578695?
True
Is 12 a factor of 631500?
True
Is 1238096 a multiple of 19?
False
Does 4 divide 702382?
False
Is 31 a factor of 1377851?
False
Is 4 a factor of 10298?
False
Does 50 divide 633136?
False
Is 56 a factor of 180096?
True
Does 312 divide 818064?
True
Is 41 a factor of 225295?
True
Is 130720 a multiple of 5?
True
Is 8 a factor of 212311?
False
Is 2216660 a multiple of 10?
True
Is 44 a factor of 222721?
False
Is 808228 a multiple of 254?
True
Is 190 a factor of 2706170?
True
Does 178 divide 9110040?
True
Does 125 divide 1125?
True
Is 260 a factor of 1604398?
False
Does 4 divide 23147?
False
Is 4 a factor of 18800?
True
Does 12 divide 223706?
False
Is 188813 a multiple of 13?
False
Is 4750680 a multiple of 110?
True
Does 35 divide 14576218?
False
Does 4 divide 64280?
True
Does 54 divide 799848?
True
Is 680 a factor of 916640?
True
Is 9731560 a multiple of 904?
True
Is 139242 a multiple of 153?
False
Does 82 divide 204264?
False
Does 277 divide 31471?
False
Does 48 divide 3071568?
True
Is 220 a factor of 10724340?
True
Is 30 a factor of 17760?
True
Is 20 a factor of 519880?
True
Does 160 divide 583358?
False
Does 16 divide 7168224?
True
Is 137274 a multiple of 4?
False
Is 189752 a multiple of 8?
True
Is 7691513 a multiple of 102?
False
Is 540 a factor of 2011751?
False
Does 2 divide 22778?
True
Is 7870 a multiple of 26?
False
Does 100 divide 1306727?
False
Is 84492 a multiple of 10?
False
Is 80 a factor of 2889600?
True
Is 115680 a multiple of 15?
True
Is 53 a factor of 102608?
True
Is 27 a factor of 3546126?
True
Is 20667 a multiple of 25?
False
Does 523 divide 137026?
True
Is 436247 a multiple of 203?
True
Does 29 divide 10714978?
True
Does 283 divide 1022196?
True
Does 273 divide 442260?
True
Is 15 a factor of 481440?
True
Is 94590 a multiple of 30?
True
Does 7 divide 482160?
True
Does 27 divide 249237?
True
Is 745190 a multiple of 5?
True
Does 499 divide 3627331?
False
Does 22 divide 1598696?
True
Is 5835 a multiple of 3?
True
Is 160 a factor of 75112?
False
Is 99 a factor of 79522?
False
Is 2910600 a multiple of 105?
True
Is 451 a factor of 984680?
False
Does 6 divide 930610?
False
Is 6762971 a multiple of 16?
False
Is 12 a factor of 211746?
False
Is 377 a factor of 137982?
True
Is 293664 a multiple of 8?
True
Is 6 a factor of 41268?
True
Does 119 divide 5756672?
False
Is 256 a factor of 175948?
False
Is 92 a factor of 43284?
False
Is 12801 a multiple of 24?
False
Is 21 a factor of 644464?
False
Is 320 a factor of 6595840?
True
Is 28 a factor of 1147844?
False
Is 3204468 a multiple of 54?
True
Is 930842 a multiple of 4?
False
Is 9236 a multiple of 4?
True
Does 10 divide 178919?
False
Is 1271917 a multiple of 14?
False
Does 61 divide 17590?
False
Is 25 a factor of 410560?
False
Is 2237 a factor of 10471302?
False
Does 31 divide 926156?
True
Is 107 a factor of 66109?
False
Does 97 divide 192014?
False
Is 305 a factor of 591090?
True
Is 1338280 a multiple of 5?
True
Does 4 divide 12436?
True
Is 124 a factor of 4419856?
True
Does 14 divide 1761935?
False
Does 293 divide 106066?
True
Is 128856 a multiple of 28?
True
Is 106 a factor of 1764261?
False
Does 151 divide 762782?
False
Is 904554 a multiple of 7?
True
Does 7 divide 3281999?
True
Does 12 divide 187056?
True
Is 832368 a multiple of 48?
True
Is 26 a factor of 438828?
True
Is 39 a factor of 499863?
True
Is 3253446 a multiple of 45?
False
Is 607 a factor of 4986915?
False
Is 11 a factor of 2222396?
True
Is 179238 a multiple of 34?
False
Is 1256024 a multiple of 390?
False
Is 2319111 a multiple of 27?
True
Is 31 a factor